de 4025?
True
Is 17050 a multiple of 55?
True
Is 21675 a multiple of 75?
True
Is 14 a factor of 6972?
True
Does 5 divide 1040?
True
Does 102 divide 15924?
False
Is 13 a factor of 31177?
False
Does 28 divide 1393?
False
Is 9167 a multiple of 28?
False
Is 3306 a multiple of 68?
False
Does 6 divide 1986?
True
Is 17 a factor of 53?
False
Is 480 a multiple of 6?
True
Does 17 divide 4335?
True
Is 27 a factor of 2295?
True
Does 40 divide 30700?
False
Does 8 divide 728?
True
Does 18 divide 44316?
True
Is 2 a factor of 6415?
False
Is 40 a factor of 3855?
False
Is 13 a factor of 244?
False
Is 6 a factor of 6360?
True
Is 902 a multiple of 8?
False
Is 5019 a multiple of 32?
False
Is 3869 a multiple of 53?
True
Is 12 a factor of 62752?
False
Does 28 divide 3027?
False
Is 164 a factor of 18860?
True
Is 1574 a multiple of 19?
False
Does 5 divide 2285?
True
Is 38 a factor of 1026?
True
Is 2654 a multiple of 7?
False
Does 8 divide 1208?
True
Does 9 divide 506?
False
Is 16 a factor of 6288?
True
Is 2 a factor of 9625?
False
Is 3 a factor of 376?
False
Does 14 divide 771?
False
Does 10 divide 470?
True
Does 116 divide 5452?
True
Is 32 a factor of 1728?
True
Is 18720 a multiple of 65?
True
Is 376 a multiple of 8?
True
Does 28 divide 1568?
True
Is 15065 a multiple of 301?
False
Is 61 a factor of 2164?
False
Is 708 a multiple of 11?
False
Does 19 divide 1986?
False
Is 33 a factor of 561?
True
Is 22058 a multiple of 41?
True
Is 9170 a multiple of 70?
True
Does 6 divide 5862?
True
Is 23 a factor of 1302?
False
Is 64 a factor of 9856?
True
Is 2256 a multiple of 6?
True
Does 4 divide 12044?
True
Is 1502 a multiple of 46?
False
Does 8 divide 51912?
True
Does 34 divide 2958?
True
Is 13 a factor of 21203?
True
Is 4953 a multiple of 79?
False
Does 200 divide 30600?
True
Does 11 divide 176?
True
Is 55 a factor of 831?
False
Is 22 a factor of 968?
True
Does 13 divide 4051?
False
Is 14097 a multiple of 5?
False
Is 27 a factor of 4977?
False
Is 242 a factor of 12100?
True
Is 91 a multiple of 8?
False
Is 119658 a multiple of 21?
True
Is 11902 a multiple of 19?
False
Does 75 divide 362?
False
Does 41 divide 13853?
False
Is 3875 a multiple of 31?
True
Is 44 a factor of 88?
True
Does 18 divide 5994?
True
Is 23246 a multiple of 38?
False
Is 7 a factor of 775?
False
Is 16211 a multiple of 43?
True
Is 6913 a multiple of 150?
False
Is 518 a multiple of 59?
False
Is 134 a factor of 17018?
True
Does 7 divide 31931?
False
Is 116 a factor of 6242?
False
Does 21 divide 5649?
True
Does 213 divide 8155?
False
Is 345 a multiple of 8?
False
Is 5 a factor of 330?
True
Does 20 divide 1080?
True
Is 16 a factor of 192?
True
Is 46 a factor of 4324?
True
Does 172 divide 31304?
True
Does 27 divide 1119?
False
Is 5256 even?
True
Is 2073 a multiple of 99?
False
Does 52 divide 714?
False
Is 1474 a multiple of 67?
True
Is 1665 a multiple of 5?
True
Is 88232 a multiple of 328?
True
Is 7335 a multiple of 30?
False
Does 170 divide 16660?
True
Is 110 a factor of 11551?
False
Is 35 a factor of 26418?
False
Does 7 divide 66?
False
Does 165 divide 49005?
True
Is 8 a factor of 4240?
True
Is 102 a factor of 82518?
True
Is 31 a factor of 471?
False
Does 34 divide 2492?
False
Does 4 divide 2331?
False
Is 55801 a multiple of 249?
False
Does 15 divide 22640?
False
Is 1864 a multiple of 154?
False
Is 250 a multiple of 5?
True
Is 5 a factor of 125?
True
Is 48 a factor of 3312?
True
Is 37 a factor of 2775?
True
Is 13 a factor of 3049?
False
Does 9 divide 17181?
True
Does 12 divide 590?
False
Is 3 a factor of 132?
True
Is 6804 a multiple of 50?
False
Is 10 a factor of 676?
False
Does 17 divide 4794?
True
Does 59 divide 944?
True
Does 38 divide 3040?
True
Does 96 divide 4004?
False
Is 2737 a multiple of 17?
True
Is 366 a multiple of 6?
True
Is 35 a factor of 73115?
True
Does 4 divide 1533?
False
Is 69 a factor of 2054?
False
Is 8 a factor of 2816?
True
Is 500 a multiple of 7?
False
Is 9072 a multiple of 16?
True
Is 132 a factor of 17914?
False
Is 505 a multiple of 31?
False
Does 10 divide 9948?
False
Is 13501 a multiple of 92?
False
Is 3706 a multiple of 109?
True
Does 15 divide 2677?
False
Does 19 divide 1140?
True
Is 2052 a multiple of 38?
True
Is 81 a factor of 44799?
False
Is 1807 a multiple of 17?
False
Is 1307 a multiple of 15?
False
Is 11 a factor of 1728?
False
Does 26 divide 91806?
True
Is 452 a multiple of 45?
False
Does 103 divide 2143?
False
Does 31 divide 2277?
False
Is 77911 a multiple of 130?
False
Is 2946 a multiple of 3?
True
Does 7 divide 91?
True
Is 3392 a multiple of 32?
True
Is 1053 a multiple of 117?
True
Does 8 divide 616?
True
Is 14 a factor of 1763?
False
Is 8003 a multiple of 75?
False
Is 23280 a multiple of 120?
True
Is 2112 a multiple of 22?
True
Does 25 divide 4300?
True
Does 6 divide 309?
False
Is 4605 a multiple of 15?
True
Is 40 a factor of 19122?
False
Is 15 a factor of 209?
False
Is 3 a factor of 218?
False
Does 25 divide 7075?
True
Is 3 a factor of 3898?
False
Is 10 a factor of 460?
True
Does 21 divide 3045?
True
Is 10 a factor of 590?
True
Does 6 divide 289?
False
Is 22 a factor of 3190?
True
Is 1078 a multiple of 22?
True
Is 49 a factor of 18032?
True
Does 4 divide 495?
False
Does 29 divide 86855?
True
Does 6 divide 20325?
False
Does 5 divide 264?
False
Is 196 a factor of 174072?
False
Does 9 divide 576?
True
Does 30 divide 2340?
True
Does 12 divide 408?
True
Is 11 a factor of 24981?
True
Is 1294 a multiple of 11?
False
Is 9055 a multiple of 91?
False
Is 18633 a multiple of 57?
False
Does 12 divide 1356?
True
Does 34 divide 2975?
False
Does 2 divide 894?
True
Is 59593 a multiple of 9?
False
Is 25 a factor of 3925?
True
Is 5 a factor of 110?
True
Is 95 a factor of 9215?
True
Is 325 a multiple of 13?
True
Is 107 a factor of 3317?
True
Is 2 a factor of 804?
True
Does 139 divide 22518?
True
Is 24815 a multiple of 70?
False
Does 30 divide 99?
False
Is 2859 a multiple of 24?
False
Is 1368 a multiple of 12?
True
Does 48 divide 127277?
False
Does 20 divide 1013?
False
Does 336 divide 120288?
True
Is 2808 a multiple of 4?
True
Does 11 divide 747?
False
Does 19 divide 43966?
True
Is 16 a factor of 22448?
True
Is 32670 a multiple of 165?
True
Is 53 a factor of 23638?
True
Is 143 a multiple of 7?
False
Is 28380 a multiple of 258?
True
Is 1320 a multiple of 5?
True
Is 16 a factor of 511?
False
Is 3350 a multiple of 134?
True
Is 5778 a multiple of 13?
False
Is 13 a factor of 2907?
False
Is 14770 a multiple of 35?
True
Is 26 a factor of 389?
False
Is 55 a factor of 2089?
False
Is 5310 a multiple of 6?
True
Does 18 divide 1242?
True
Does 8 divide 440?
True
Is 12 a factor of 4634?
False
Does 152 divide 29032?
True
Is 1748 a multiple of 55?
False
Is 44 a factor of 1447?
False
Is 42 a factor of 300?
False
Does 13 divide 15509?
True
Is 568 a multiple of 60?
False
Is 564 a multiple of 94?
True
Is 1277 a multiple of 84?
False
Is 6320 a multiple of 18?
False
Does 31 divide 1196?
False
Is 9662 a multiple of 19?
False
Is 49 a factor of 97314?
True
Is 473 a multiple of 23?
False
Is 490 a multiple of 14?
True
Does 4 divide 692?
True
Is 308 a multiple of 22?
True
Is 19 a factor of 95?
True
Is 4 a factor of 4392?
True
Is 92 a factor of 3286?
False
Is 5856 a multiple of 48?
True
Does 16 divide 90944?
True
Does 5 divide 865?
True
Does 33 divide 39732?
True
Is 10472 a multiple of 238?
True
Is 104 a multiple of 4?
True
Is 9 a factor of 4659?
False
Is 105 a factor of 6300?
True
Is 5 a factor of 100?
True
Is 60883 a multiple of 125?
False
Does 12 divide 392?
False
Is 9502 a multiple of 41?
False
Is 10226 a multiple of 107?
False
Is 15 a factor of 2396?
False
Does 3 divide 9192?
True
Does 23 divide 2255?
False
Is 22 a factor of 1012?
True
Is 16193 a multiple of 21?
False
Is 39 a factor of 6153?
False
Does 72 divide 8136?
True
Does 14 divide 931?
False
Does 296 divide 127576?
True
Does 67 divide 5494?
True
Does 9 divide 958?
False
Is 17 a factor of 8024?
True
Is 13570 a multiple of 9?
False
Is 5576 a multiple of 41?
True
Does 3 divide 175?
False
Is 594 a multiple of 18?
True
Is 10 a factor of 922?
False
Is 17 a factor of 10534?
False
Is 42 a factor of 683?
False
Does 100 divide 9200?
True
Does 26 divide 3834?
False
Is 59 a factor of 3617?
False
Does 22 divide 66?
True
Does 10 divide 6550?
True
Does 83 divide 24817?
T